f w.
2, 5, 7
Suppose -3*u + 5*t - 30 = 2*u, 2*t - 3 = -u. Let r be 10/u*6/(-4). Let j(v) = v - 2. What are the prime factors of j(r)?
3
Suppose 0 = -5*s - 25, 55 = g - 3*s - 279. Let o = g + -79. What are the prime factors of o?
2, 3, 5
Let g be (7 + 374/(-10))/(1/(-5)). Suppose 2*u + 2*s = g, -2*s + 7 = 1. What are the prime factors of u?
73
Suppose -8*i = -4*i + 5*y - 1950, -4*i + 2*y + 1936 = 0. List the prime factors of i.
5, 97
Let z(a) = a**2 - 3*a + 1. Let j be z(3). List the prime factors of (16/(-32))/(j/(-22)).
11
Suppose 3*i = -o + 515, -4*o + 9 = 1. Suppose 0*p + 5*p = -k + i, 5*k = -4*p + 120. What are the prime factors of p?
5, 7
Suppose 5*b - 3*m + 3 - 24 = 0, 4*b + 3*m = 6. Suppose -2*f - b*c = 4, -3*f = 2*c - 4*c - 7. What are the prime factors of 17 - ((-2)/(-2) - f)?
17
Suppose -5*u + 3*k - 27 = 0, 3*k - 6*k + 3 = -u. Let h be (8/u)/(6/(-666)). Suppose -4*v - 3*x = -h - 0, 0 = 3*x. What are the prime factors of v?
37
Suppose -5*t = -3 - 32. Let r = 41 + t. List the prime factors of r.
2, 3
Suppose -4103 = -90*x + 79*x. List the prime factors of x.
373
Let k be 0 - 1660/(-26) - 6/(-39). Let f = k + -27. What are the prime factors of f?
37
What are the prime factors of -2 - (2 + (-6)/((-24)/(-7772)))?
7, 277
Suppose -2*r + 3590 = 4*c + 198, -c = r - 1698. What are the prime factors of r?
2, 5, 17
Let m(y) = -y**3 + 7*y**2 - y + 9. Let p be m(7). Let a be (-572)/(-91) + p/(-7). Let j(g) = 3*g + 3. List the prime factors of j(a).
3, 7
Let g(f) = -f**3 - 4*f**2 - f - 2. Let z(v) = -v**3 + 4*v**2 - 6. Let r be z(4). Let o be g(r). Suppose -7*a = -3*a - o. What are the prime factors of a?
19
Let v be -11 + 18 + (0 - -3). List the prime factors of -91*v/(-35)*3.
2, 3, 13
Suppose -2*p - 2*b - 23 = -b, -p - 3*b - 9 = 0. Let j be ((-18)/p)/((-3)/(-8)). Suppose -3*u + 155 = j*o, 5*o = -3*u + 228 - 68. List the prime factors of u.
3, 5
Let o = 705 + -482. Let j = -102 + o. List the prime factors of j.
11
Let u(m) = -m**3 + 7*m**2 - 6*m - 6. Let n be u(6). Let k be 6/(5 + -6) + 0. What are the prime factors of (21/n)/(1/k)?
3, 7
Let t = -60 - -140. Let s = t - 47. List the prime factors of s.
3, 11
Let g(v) = -2*v**2 + 9*v + 3*v + v + 0 + 7. Let o be g(10). Let d = -32 - o. What are the prime factors of d?
31
Let c(s) = 3499*s**2 + 14*s + 15. List the prime factors of c(-1).
2, 5, 7
Suppose -7*j = -3*z - 6*j + 1777, 4*j - 1208 = -2*z. Suppose 3*i - 5*b = 769, 403 = 4*i - b - z. List the prime factors of i.
2, 31
Let h(r) = r**3 + 5*r**2 - 2*r - 7. Let p be h(-5). List the prime factors of (p - 2)/((-4)/(-556)).
139
Let p(z) = -2*z - 4 - 28*z**2 - 3*z**3 + 2*z + 31*z**2. What are the prime factors of p(-3)?
2, 13
Let v(s) = -s**2 - 4*s + 17. Let r be v(-7). List the prime factors of 104/6 - r/(-12).
17
Suppose -3*w - 5*t = -12048, 2*w - 6587 - 1438 = -t. What are the prime factors of w?
3, 7, 191
What are the prime factors of (-7 - -2) + 464/16?
2, 3
Suppose -17*l = -27*l + 7910. List the prime factors of l.
7, 113
Let v(r) = -85*r + 27. Let c be v(-3). Suppose -c = -9*p + 15. What are the prime factors of p?
3, 11
Suppose -22 - 6 = -7*z. Suppose -4*d = -z*n - 284, 4*d - 327 + 37 = 2*n. What are the prime factors of d?
2, 37
Suppose 1148 = 16*v - 964. List the prime factors of v.
2, 3, 11
Let s = 21 - 19. Suppose s*l = -0*l + 12. What are the prime factors of 3/((l/26)/3)?
3, 13
Let n = -4060 + 7224. Suppose -5*d + n = 9*d. What are the prime factors of d?
2, 113
Suppose -g = c - 1024, -3*g - 4096 = -7*g + c. List the prime factors of 6/(-21) - g/(-56).
2, 3
Suppose 2*y - 4 - 10 = 0. Suppose -29 = -3*o + y. Let k = o + -7. List the prime factors of k.
5
Suppose -8 = -4*l, -13 - 8 = 3*o - 3*l. Let t(b) = b**2 + 4*b - 4. Let d be t(o). What are the prime factors of 190/4 + d/2?
2, 3
Suppose 0*m + 3619 = 5*p - 2*m, -4*m = 4*p - 2884. What are the prime factors of p?
3, 241
Suppose -2*o + 1236 = -4*k, 3*o - k = 6*o - 1889. What are the prime factors of o?
2, 157
Let q = -13 + 13. Suppose q = -c + 3*x + 46 + 30, 0 = 5*c + 5*x - 480. Suppose 2*p - 2*t = 28, 4*t + 27 = -4*p + c. What are the prime factors of p?
3, 5
Let k = -5 + 7. Let f be 22/(-6) - k/6. Let h = f - -8. List the prime factors of h.
2
Let p(w) = 2*w**2 - 8*w + 3. Let a(d) = d**3 - d**2 + d. Let b be a(0). Suppose -3*t + 0*t - 3*n + 9 = b, 30 = 5*t + 2*n. List the prime factors of p(t).
67
Let c be 12/9*(-6)/(-4). Let v(x) = 6 + 4*x - c*x - 5. List the prime factors of v(8).
17
Let w be 2/(14/4 + -3). Let c(i) = 10*i**2 + 3*i + w + 2 - 5. List the prime factors of c(-2).
5, 7
Suppose 372 = 4*x - 5*s - 660, -516 = -2*x + 3*s. What are the prime factors of x?
2, 3, 43
Let u(q) be the second derivative of q**5/60 + q**4/6 - q**3/6 + 4*q**2 + 5*q. Let r(g) be the first derivative of u(g). List the prime factors of r(-5).
2
Let x = 2090 - 1725. List the prime factors of x.
5, 73
Let l = 181 + -115. Suppose 5*o + l = 2*v, -v + 3*o - 4 = -35. Suppose -50 - v = -3*k. List the prime factors of k.
31
Let b(j) = -5*j**2 + 3*j - 20. Let m(v) = -6*v**2 + 4*v - 20. Let r(q) = -5*b(q) + 4*m(q). Let t(u) = u - 1. Let g be t(1). What are the prime factors of r(g)?
2, 5
List the prime factors of ((-456)/10)/(1 + (-12)/10).
2, 3, 19
Let m be 0 + 1 - 23*-14. Suppose 134 = 2*a - 2*f, 3*a - m = -2*a + 2*f. What are the prime factors of a?
3, 7
Suppose -3*l - 2*j = -87, 4*j + j - 96 = -3*l. Suppose 3*k + k = 5*i - 15, -l = 5*k + 2*i. Let y(s) = 4*s**2 + 7*s - 3. List the prime factors of y(k).
2, 31
Let c be (2 - -3)*4/(-5). Let k be c/(-8) + (-30)/(-4). List the prime factors of 166/k - (-5)/20.
3, 7
Let v = 1529 - 1033. List the prime factors of v.
2, 31
Let u(i) = -i**3 - 22*i**2 - 42. List the prime factors of u(-23).
487
Let f = 4 - 2. Suppose s + 2*w = 174, -731 = -f*s - 2*s - w. Suppose -2*m - 2*m = -s. List the prime factors of m.
2, 23
Let w(p) = -p**2 - 8*p + 21. Let z be w(-10). What are the prime factors of (z + 2 - 2) + 108?
109
Suppose 6*u + 81 = 2229. List the prime factors of u.
2, 179
Let f be (6/5)/(15/(-50)). Let i be (-2)/8 + (-1)/f. Suppose i = -2*w + 32 + 16. List the prime factors of w.
2, 3
Let a = -117 + 112. Let r(z) = -3*z - 3 - 5*z**2 - z**3 + 4 - 3. List the prime factors of r(a).
13
Let v be (-4)/14 - (-280)/(-49). Let w = v - -8. Suppose 0 = -3*a - 4*f + 86, w*f = -4*a + 22 + 86. List the prime factors of a.
2, 13
Let c(f) = 6*f + 70 + 4*f**2 + 0*f**2 - 76 - f**3. Suppose 4*w - 5*l = 11, 3*l - 3 = -0. List the prime factors of c(w).
2, 3
Let f be (-50)/(-4) - (-2)/(-4). Let w = f + 5. Suppose -q + 37 = -w. List the prime factors of q.
2, 3
Suppose 0 = -4*s - 4*s + 8. Let b(i) = 51*i - 1. What are the prime factors of b(s)?
2, 5
Let m = 385 - 232. Suppose 21 = 3*c + m. Let k = c + 107. List the prime factors of k.
3, 7
Suppose -2*z = -2*f - f - 13, -25 = -5*f. Suppose -5*h = q + z - 42, q - 3 = 0. Suppose -3*i = -6*i + h*s + 4, 20 = 5*s. What are the prime factors of i?
2
Let b(w) = -3*w + 3. Let o be b(-3). Suppose -4*k = -o - 44. List the prime factors of k.
2, 7
Suppose -17 + 4 = -v - d, -58 = -4*v - 2*d. What are the prime factors of v/(-4) - (-15 - 2)?
13
Suppose -5*t + 4*s - 35 = -s, -2*t - 5*s = 28. Let p be 0/(-1) + (t - 45). Let l = 84 + p. List the prime factors of l.
2, 3, 5
What are the prime factors of ((-38)/(-2))/((-2)/(-100))?
2, 5, 19
Let l(c) = -2*c**2 + 9*c + 45. Let k(b) = b**2 - 4*b - 23. Let s(a) = 7*k(a) + 4*l(a). Let w be s(13). Let q = w + 80. List the prime factors of q.
2, 17
What are the prime factors of 10 + -4 + -7 + (-1491)/(-1)?
2, 5, 149
Let g = -3 + -34. Let r = g - -139. List the prime factors of r.
2, 3, 17
Let n be 3/(3/(-2)) - -4. Let v(f) = 7*f**2 - 2*f - 2. List the prime factors of v(n).
2, 11
Suppose 28*p - 29*p + 547 = 0. List the prime factors of p.
547
Let m = -2 + 22. Let o = -16 + m. Suppose 0 = -o*h + 2*w + 132, -h - h + 74 = 3*w. What are the prime factors of h?
2, 17
Suppose -13 = -5*j + i, i = 2 - 0. Suppose m + 3*m = -q + 116, -2*m = j*q - 358. Let d = q - 69. List the prime factors of d.
3, 17
Let f be (2 - (-1344)/(-15))/((-2)/10). Suppose -4*g + 3*g = -1, 0 = -3*a - 3*g + f. What are the prime factors of a?
5, 29
Let r be (-4)/(-20) - (-95)/25. Suppose -2*s + 133 = -u, -8 = r*u + 12. List the prime factors of s.
2
